isor of 14 and k.
14
Suppose 4*y + u = 3*y + 45, 3*u = 9. Let n be (-1)/(((-1)/(-6))/(-1)). What is the highest common divisor of n and y?
6
Suppose 283 = 5*s - 1147. Calculate the highest common factor of s and 26.
26
Suppose -3*j + 23 = 2. Let o be 74 + (-6)/(-5 - -3). What is the highest common divisor of j and o?
7
Let n be 189*2/(-12)*-4. Let l be (2/4)/(1/36). What is the greatest common divisor of n and l?
18
Let m be (4/3)/(4/6). Suppose -5*r + u = -147 - 59, r - 4*u - 26 = 0. Suppose -m*t + r = t. Calculate the highest common divisor of t and 2.
2
Suppose -7*u + 56 = 7. Calculate the greatest common divisor of 77 and u.
7
Suppose -8*t = -3*t - 20. Suppose -1 = -2*v + b, -2*v + v - 10 = -t*b. What is the highest common factor of 16 and v?
2
Let w(i) = -30*i - 3. Suppose 5*n + 89 = 19. Let m be (-4)/n + (-48)/21. Let t be w(m). What is the greatest common factor of 19 and t?
19
Suppose 0*j + j = 5. Suppose -j*v + 14 = 4. Suppose v*l + 2*l = 4. Calculate the greatest common divisor of 10 and l.
1
Let i be ((5 + -1)/(-2))/(2/(-4)). Calculate the highest common divisor of i and 32.
4
Suppose 2*u = -8, -3*w - 2*u = -w - 4. Calculate the highest common divisor of 2 and w.
2
Let z be 0/((-3)/3) - -37. Calculate the highest common factor of 259 and z.
37
Let m(x) = -x**3 - 4*x**2 + 6*x - 3. Let i be m(-5). Let r = i - -10. Calculate the highest common divisor of r and 6.
2
Suppose -a = -1 - 15. Suppose -a*v = -13*v - 12. What is the greatest common divisor of 20 and v?
4
Suppose -2*j - q = -0*j - 8, -2*q + 20 = 5*j. Suppose 0*b = 3*d + 5*b - 74, -2*b = 4. Calculate the highest common factor of j and d.
4
Suppose 3*h - 39 - 4 = 5*x, 0 = 3*h - 3*x - 33. Suppose 0 = b - 2 - 0. Calculate the highest common factor of h and b.
2
Let n be (135/(-4))/((-7)/28). Calculate the highest common factor of 54 and n.
27
Suppose 4*q + 92 = 5*z, 0*z - 24 = -z - 2*q. Let l be -72*((-15)/6 + 2). Let h = l - -24. What is the highest common divisor of z and h?
20
Let a be 14/56 + (-87)/(-4). What is the greatest common factor of 77 and a?
11
Suppose -3*b = -8*b + 2*n + 94, 0 = 2*n - 6. Suppose -y + b = y. What is the highest common divisor of 25 and y?
5
Suppose 3*a = 3*x - 162, -3*x + 266 = 2*x - 3*a. Calculate the highest common factor of x and 468.
52
Suppose -3*d = -4*q - 14, -4*d + 8 = d + q. Suppose d*k - 4 - 24 = -h, 4*k = 0. Calculate the highest common factor of 14 and h.
14
Let k = 2 - -4. Let c(y) = y + 3. Let s be c(k). What is the greatest common factor of s and 99?
9
Suppose -8*g + 4*g = -120. What is the highest common divisor of 12 and g?
6
Let s = 94 - 62. Calculate the highest common divisor of 4 and s.
4
Suppose 5*i - 225 = -45. Suppose 3 + 7 = 5*u. Suppose 0*z + 3*z = -h + 9, 0 = -h - u*z + 14. What is the greatest common divisor of h and i?
12
Suppose -5*f = -0*u - 2*u - 16, 0 = -4*f + 16. Calculate the highest common factor of u and 6.
2
Let p be (-27)/(-6)*(-8)/(-6). Let g be 29 + 3*2/p. Calculate the highest common factor of 45 and g.
15
Let q(l) = l**3 - 13*l**2 - 15*l + 20. Let k be q(14). Calculate the highest common divisor of 2 and k.
2
Suppose -p - 2*v + 2 = -2, -p + 4*v = 8. Let w(u) = -u + 65. Let r be w(p). Let x = 11 + 2. What is the greatest common divisor of x and r?
13
Let d be (4/(-4) - 0) + 15. Calculate the highest common factor of d and 70.
14
Let h = 85 + -25. Calculate the highest common divisor of h and 12.
12
Suppose -9*s = -4*s - 10. Let v be (s + 0)/((-2)/(-3)). Suppose -v*k - k = 0, -4*f + 8 = -3*k. What is the highest common divisor of f and 10?
2
Let g be (2 - 2) + -1 - -4. Suppose g*m - 12 = -0*m. Calculate the greatest common factor of m and 4.
4
Suppose -5*l - 8 = -2*m + 6, 2*l + 32 = 3*m. Let q be 6/(-14) + (-144)/(-42). Suppose c = -0*c + q. Calculate the greatest common factor of c and m.
3
Let q = 5399 + -3369. Let t be q/15 + (-2)/(-3). Let x be 19 - 1 - (-1 + 2). What is the greatest common factor of x and t?
17
Suppose 5*d - 2*d + 33 = 0. Let x = 22 + d. Let k be 10576/120 - 4/30. Calculate the highest common divisor of x and k.
11
Suppose -20 + 92 = 2*m. What is the highest common divisor of 12 and m?
12
Let w be 6/15 - 156/(-10). Let r be 158/(-6) - 3/(-9). Let v = w - r. What is the highest common factor of 14 and v?
14
Let c be (-40)/(-7) + 4/14. Let s = -24 - -54. Calculate the highest common factor of s and c.
6
Let w be (1 - 4)*28/(-6). Let g(t) = -32*t - 2. Let p be g(-4). Calculate the greatest common divisor of p and w.
14
Let k(m) = 4*m + 4. Let p be k(2). Let n be -4 + (-1 - -3) + 10. Let a be 2*(-2)/(n/(-6)). Calculate the greatest common divisor of p and a.
3
Suppose 0 = 3*d - 2*d, -4*r = 5*d + 12. Let k be 17/r - (-6)/9. Let h = 10 + k. Calculate the greatest common factor of 5 and h.
5
Suppose 2*s - 5*t = 3, 2*t + 21 = 4*s - 3*t. Let m = 2 - 5. Let w be (m/(-2))/(4/8). What is the highest common factor of s and w?
3
Suppose 3*k - 1 = 8. Let s be (-7)/(-7) + (k - 0). Let h = s - -20. What is the highest common factor of 3 and h?
3
Let y(m) be the third derivative of m**4/24 - 5*m**3/6 - m**2. Suppose 2*k = 18 - 6. Let t be y(k). Calculate the greatest common divisor of t and 8.
1
Let s = -32 + 35. Calculate the greatest common divisor of s and 30.
3
Let h = -4 - -14. Let j = -4 + h. Let n(o) = o**3 + 6*o**2 - 8*o. Let l be n(-6). What is the highest common divisor of j and l?
6
Suppose 2*g = 4*a - 104, 0 = 3*a - 5*g - 72 + 1. What is the highest common divisor of a and 216?
27
Let h = 4 - 1. Suppose -h = -3*k + 3. Let z be (k/(-3))/(6/(-135)). What is the highest common divisor of z and 90?
15
Let y = 19 + -10. Calculate the greatest common divisor of 27 and y.
9
Suppose -4*j = -v + 4*v - 132, -3*j - 4*v = -106. Let h = 0 + 2. Suppose -4*l - 12 = -3*c + c, -3*l + 12 = h*c. Calculate the highest common divisor of c and j.
6
Let a(z) = 5*z**2 + 6*z - 8. Let u be a(6). Let h = u - 54. What is the highest common factor of h and 14?
14
Suppose -a - 5*g = -6*g - 249, 3*a + g - 739 = 0. What is the highest common factor of 13 and a?
13
Suppose 5*n + 71 - 1446 = 0. What is the highest common factor of n and 25?
25
Let x be 7*(4 + -6 + 3). Calculate the greatest common divisor of 63 and x.
7
Let y(n) = 11*n**3 + n + 1. Let g be y(-1). Let z = -6 - g. Suppose -z*u + 2 = 4*f - 3, 3*f - 5 = -4*u. Calculate the highest common divisor of 55 and u.
5
Let c be (8/(-12))/(4/(-24)). Let r = 2 - -4. Calculate the greatest common divisor of r and c.
2
Let a(g) = -g**2 + 10*g - 15. Let t be a(6). Let i be 2/(-9) - (-362)/t. What is the greatest common divisor of i and 8?
8
Suppose 2*d - 16 = -6. Suppose -10 = -l - q, -3*l - d*q + 6 = -20. Suppose 15 = 3*t - l. Calculate the greatest common factor of 63 and t.
9
Suppose 57*x = 63*x - 30. Calculate the highest common divisor of x and 3.
1
Let d = 7 + -1. Suppose y - 3 - d = 0. Let o(l) = l**2 + 8*l + 12. Let n be o(y). What is the greatest common divisor of 15 and n?
15
Suppose 0 = -s - 0*s - 17. Let h = -6 - s. Let m = -7 - -29. What is the greatest common divisor of h and m?
11
Suppose 5*z - 12 = 2*l, -2*z + 2 = -5*l - 7. Calculate the greatest common divisor of z and 5.
1
Let i = 35 + -13. Suppose -4*h + 39 = -117. Suppose 5*m - h = 16. What is the highest common divisor of m and i?
11
Let x be -3*((-4)/(-6) - 0). Let z be x/3 - (-20)/3. Suppose q - 3 = 2*c - 2*q, 4*q - 44 = -4*c. Calculate the greatest common factor of z and c.
6
Let v(x) = 4*x**3 + x**2 + x - 2. Let t be v(2). Suppose t = -m + 2*m. What is the highest common divisor of 90 and m?
18
Suppose -25 = -2*m + 5. Let o(l) = 9*l + 3. Let n be o(3). Calculate the highest common divisor of n and m.
15
Let r(h) = -h**3 - 17*h**2 - h - 22. Let s be r(-17). Let t = 23 + s. Calculate the highest common factor of t and 54.
18
Let o = 50 + -22. Calculate the highest common divisor of o and 140.
28
Suppose m - 8 = 4. Calculate the highest common factor of m and 30.
6
Let i(d) = d**3 - 6*d**2 + 6*d - 2. Let x be i(5). Suppose r = -g + 25, 5*g - 121 = -0*r - x*r. Calculate the highest common factor of g and 115.
23
Suppose l = 2*l - 5. Suppose -4*u = l*x - 77, -5*u + 65 = -3*x - 22. What is the highest common factor of u and 90?
18
Suppose 33*a - 30*a - 108 = 0. Let v be 11 + (-1*2 - 0). Calculate the great